{"id":5402,"date":"2018-02-06T01:21:04","date_gmt":"2018-02-06T03:21:04","guid":{"rendered":"https:\/\/www.theologyscienceflorida.com\/uccimer\/?page_id=5402"},"modified":"2023-10-31T11:20:21","modified_gmt":"2023-10-31T14:20:21","slug":"cursos","status":"publish","type":"page","link":"https:\/\/www.theologyscienceflorida.com\/uccimer\/cursos\/","title":{"rendered":"Cursos"},"content":{"rendered":"<div class=\"flex_column av_one_full  flex_column_div av-zero-column-padding first  \" style='border-radius:0px; '><section class=\"av_textblock_section\"  itemscope=\"itemscope\" itemtype=\"https:\/\/schema.org\/CreativeWork\" ><div class='avia_textblock '   itemprop=\"text\" ><h1><strong>CURSOS<\/strong><\/h1>\n<\/div><\/section><\/div>\n<div class=\"flex_column av_one_full  flex_column_div av-zero-column-padding first  \" style='border-radius:0px; '><section class=\"av_textblock_section\"  itemscope=\"itemscope\" itemtype=\"https:\/\/schema.org\/CreativeWork\" ><div class='avia_textblock '   itemprop=\"text\" ><p style=\"text-align: justify;\">Los programas desarrollados por UNIVERDAD CRISTIANA Y CIENCIAS DEL MERCOSUR, mantenedor de FLORIDA ASSEMBLY OF GOD UNIVERSITY ofrecen la experiencia de capacitaci\u00f3n completa de nuestros maestros, en las siguientes \u00e1reas: Bachillerato, Tecnologo, Maestr\u00eda, Doctorado, combinada con la incre\u00edble estructura proporcionada por la tecnolog\u00eda que tenemos disponible durante m\u00e1s de una d\u00e9cada. Adem\u00e1s de proporcionar capacitaci\u00f3n de alta calidad, muchos de nuestros cursos tambi\u00e9n est\u00e1n disponibles en otros idiomas, como portugu\u00e9s y espa\u00f1ol. Si la presencia en el aula es un problema para usted, no se preocupe, nuestros programas est\u00e1n disponibles en una plataforma de aprendizaje a distancia, utilizando MOODLE como mediaci\u00f3n entre estudiantes y profesores, y ofrece una tutor\u00eda en l\u00ednea las 24 horas.<\/p>\n<p>Requisitos de ingreso:<br \/>\n&#8211; Solicitud de admisi\u00f3n.<br \/>\n&#8211; Diploma de escuela secundaria o desarrollo de educaci\u00f3n general (GED).<br \/>\n&#8211; Eliminaci\u00f3n de cr\u00e9ditos propuestos en la plataforma MOODLE.<\/p>\n<\/div><\/section><\/div><div class=\"flex_column av_one_full  flex_column_div av-zero-column-padding first  \" style='border-radius:0px; '><div id='av-masonry-1' class='av-masonry noHover av-fixed-size av-large-gap av-hover-overlay-active av-masonry-col-4 av-caption-always av-caption-style-overlay '  ><div class='av-masonry-container isotope av-js-disabled ' ><div class='av-masonry-entry isotope-item av-masonry-item-no-image '><\/div><a href=\"https:\/\/www.theologyscienceflorida.com\/uccimer\/curso\/bachelor-in-theology\/\" id='av-masonry-1-item-5623' data-av-masonry-item='5623' class='av-masonry-entry isotope-item post-5623 curso type-curso status-publish has-post-thumbnail hentry category-bacharelado-es category-cursos-home-es  av-masonry-item-with-image' title=\"Teologia\"  itemscope=\"itemscope\" itemtype=\"https:\/\/schema.org\/CreativeWork\" ><div class='av-inner-masonry-sizer'><\/div><figure class='av-inner-masonry main_color'><div class=\"av-masonry-outerimage-container\"><div class=\"av-masonry-image-container\" style=\"background-image: url(https:\/\/www.theologyscienceflorida.com\/uccimer\/wp-content\/uploads\/2018\/01\/biblia-estudio-lectura-notas.gif);\"><img decoding=\"async\" src=\"https:\/\/www.theologyscienceflorida.com\/uccimer\/wp-content\/uploads\/2018\/01\/biblia-estudio-lectura-notas.gif\" title=\"biblia-estudio-lectura-notas\" alt=\"\" \/><\/div><\/div><figcaption class='av-inner-masonry-content site-background'><div class='av-inner-masonry-content-pos'><div class='av-inner-masonry-content-pos-content'><div class='avia-arrow'><\/div><h3 class='av-masonry-entry-title entry-title'  itemprop=\"headline\" >Teologia<\/h3><\/div><\/div><\/figcaption><\/figure><\/a><!--end av-masonry entry--><a href=\"https:\/\/www.theologyscienceflorida.com\/uccimer\/curso\/bacharel-en-sociologia\/\" id='av-masonry-1-item-7182' data-av-masonry-item='7182' class='av-masonry-entry isotope-item post-7182 curso type-curso status-publish has-post-thumbnail hentry category-bacharelado-es category-cursos-home-es  av-masonry-item-with-image' title=\"Sociolog\u00eda\"  itemscope=\"itemscope\" itemtype=\"https:\/\/schema.org\/CreativeWork\" ><div class='av-inner-masonry-sizer'><\/div><figure class='av-inner-masonry main_color'><div class=\"av-masonry-outerimage-container\"><div class=\"av-masonry-image-container\" style=\"background-image: url(https:\/\/www.theologyscienceflorida.com\/uccimer\/wp-content\/uploads\/2019\/02\/people-walking-705x705.jpg);\"><img decoding=\"async\" src=\"https:\/\/www.theologyscienceflorida.com\/uccimer\/wp-content\/uploads\/2019\/02\/people-walking-705x705.jpg\" title=\"people-walking\" alt=\"\" \/><\/div><\/div><figcaption class='av-inner-masonry-content site-background'><div class='av-inner-masonry-content-pos'><div class='av-inner-masonry-content-pos-content'><div class='avia-arrow'><\/div><h3 class='av-masonry-entry-title entry-title'  itemprop=\"headline\" >Sociolog\u00eda<\/h3><\/div><\/div><\/figcaption><\/figure><\/a><!--end av-masonry entry--><a href=\"https:\/\/www.theologyscienceflorida.com\/uccimer\/curso\/master-in-multifocal-clinical\/\" id='av-masonry-1-item-5601' data-av-masonry-item='5601' class='av-masonry-entry isotope-item post-5601 curso type-curso status-publish has-post-thumbnail hentry category-bacharelado-es  av-masonry-item-with-image' title=\"Psicolog\u00eda Cl\u00ednica Multifocal\"  itemscope=\"itemscope\" itemtype=\"https:\/\/schema.org\/CreativeWork\" ><div class='av-inner-masonry-sizer'><\/div><figure class='av-inner-masonry main_color'><div class=\"av-masonry-outerimage-container\"><div class=\"av-masonry-image-container\" style=\"background-image: url(https:\/\/www.theologyscienceflorida.com\/uccimer\/wp-content\/uploads\/2018\/02\/6-competencias-que-voce-desenvolve-ao-longo-da-graduacao-em-psicologia.jpg);\"><img decoding=\"async\" src=\"https:\/\/www.theologyscienceflorida.com\/uccimer\/wp-content\/uploads\/2018\/02\/6-competencias-que-voce-desenvolve-ao-longo-da-graduacao-em-psicologia.jpg\" title=\"6-competencias-que-voce-desenvolve-ao-longo-da-graduacao-em-psicologia\" alt=\"\" \/><\/div><\/div><figcaption class='av-inner-masonry-content site-background'><div class='av-inner-masonry-content-pos'><div class='av-inner-masonry-content-pos-content'><div class='avia-arrow'><\/div><h3 class='av-masonry-entry-title entry-title'  itemprop=\"headline\" >Psicolog\u00eda Cl\u00ednica Multifocal<\/h3><\/div><\/div><\/figcaption><\/figure><\/a><!--end av-masonry entry--><a href=\"https:\/\/www.theologyscienceflorida.com\/uccimer\/curso\/master-in-clinical-psychology\/\" id='av-masonry-1-item-5617' data-av-masonry-item='5617' class='av-masonry-entry isotope-item post-5617 curso type-curso status-publish has-post-thumbnail hentry category-bacharelado-es  av-masonry-item-with-image' title=\"Psicolog\u00eda cl\u00ednica\"  itemscope=\"itemscope\" itemtype=\"https:\/\/schema.org\/CreativeWork\" ><div class='av-inner-masonry-sizer'><\/div><figure class='av-inner-masonry main_color'><div class=\"av-masonry-outerimage-container\"><div class=\"av-masonry-image-container\" style=\"background-image: url(https:\/\/www.theologyscienceflorida.com\/uccimer\/wp-content\/uploads\/2018\/02\/6-competencias-que-voce-desenvolve-ao-longo-da-graduacao-em-psicologia.jpg);\"><img decoding=\"async\" src=\"https:\/\/www.theologyscienceflorida.com\/uccimer\/wp-content\/uploads\/2018\/02\/6-competencias-que-voce-desenvolve-ao-longo-da-graduacao-em-psicologia.jpg\" title=\"6-competencias-que-voce-desenvolve-ao-longo-da-graduacao-em-psicologia\" alt=\"\" \/><\/div><\/div><figcaption class='av-inner-masonry-content site-background'><div class='av-inner-masonry-content-pos'><div class='av-inner-masonry-content-pos-content'><div class='avia-arrow'><\/div><h3 class='av-masonry-entry-title entry-title'  itemprop=\"headline\" >Psicolog\u00eda cl\u00ednica<\/h3><\/div><\/div><\/figcaption><\/figure><\/a><!--end av-masonry entry--><a href=\"https:\/\/www.theologyscienceflorida.com\/uccimer\/curso\/bacharel-en-psicologia\/\" id='av-masonry-1-item-7200' data-av-masonry-item='7200' class='av-masonry-entry isotope-item post-7200 curso type-curso status-publish has-post-thumbnail hentry category-bacharelado-es category-cursos-home-es  av-masonry-item-with-image' title=\"Psicolog\u00eda\"  itemscope=\"itemscope\" itemtype=\"https:\/\/schema.org\/CreativeWork\" ><div class='av-inner-masonry-sizer'><\/div><figure class='av-inner-masonry main_color'><div class=\"av-masonry-outerimage-container\"><div class=\"av-masonry-image-container\" style=\"background-image: url(https:\/\/www.theologyscienceflorida.com\/uccimer\/wp-content\/uploads\/2019\/02\/psychology-705x705.jpg);\"><img decoding=\"async\" src=\"https:\/\/www.theologyscienceflorida.com\/uccimer\/wp-content\/uploads\/2019\/02\/psychology-705x705.jpg\" title=\"psychology\" alt=\"\" \/><\/div><\/div><figcaption class='av-inner-masonry-content site-background'><div class='av-inner-masonry-content-pos'><div class='av-inner-masonry-content-pos-content'><div class='avia-arrow'><\/div><h3 class='av-masonry-entry-title entry-title'  itemprop=\"headline\" >Psicolog\u00eda<\/h3><\/div><\/div><\/figcaption><\/figure><\/a><!--end av-masonry entry--><a href=\"https:\/\/www.theologyscienceflorida.com\/uccimer\/curso\/bacharel-en-musica\/\" id='av-masonry-1-item-7190' data-av-masonry-item='7190' class='av-masonry-entry isotope-item post-7190 curso type-curso status-publish has-post-thumbnail hentry category-bacharelado-es category-cursos-home-es  av-masonry-item-with-image' title=\"Musica\"  itemscope=\"itemscope\" itemtype=\"https:\/\/schema.org\/CreativeWork\" ><div class='av-inner-masonry-sizer'><\/div><figure class='av-inner-masonry main_color'><div class=\"av-masonry-outerimage-container\"><div class=\"av-masonry-image-container\" style=\"background-image: url(https:\/\/www.theologyscienceflorida.com\/uccimer\/wp-content\/uploads\/2019\/02\/BBC-Japan1-705x705.jpg);\"><img decoding=\"async\" src=\"https:\/\/www.theologyscienceflorida.com\/uccimer\/wp-content\/uploads\/2019\/02\/BBC-Japan1-705x705.jpg\" title=\"BBC-Japan1\" alt=\"\" \/><\/div><\/div><figcaption class='av-inner-masonry-content site-background'><div class='av-inner-masonry-content-pos'><div class='av-inner-masonry-content-pos-content'><div class='avia-arrow'><\/div><h3 class='av-masonry-entry-title entry-title'  itemprop=\"headline\" >Musica<\/h3><\/div><\/div><\/figcaption><\/figure><\/a><!--end av-masonry entry--><a href=\"https:\/\/www.theologyscienceflorida.com\/uccimer\/curso\/bacharelado-en-filosofia\/\" id='av-masonry-1-item-7133' data-av-masonry-item='7133' class='av-masonry-entry isotope-item post-7133 curso type-curso status-publish has-post-thumbnail hentry category-bacharelado-es category-cursos-home-es  av-masonry-item-with-image' title=\"Filosof\u00eda\"  itemscope=\"itemscope\" itemtype=\"https:\/\/schema.org\/CreativeWork\" ><div class='av-inner-masonry-sizer'><\/div><figure class='av-inner-masonry main_color'><div class=\"av-masonry-outerimage-container\"><div class=\"av-masonry-image-container\" style=\"background-image: url(https:\/\/www.theologyscienceflorida.com\/uccimer\/wp-content\/uploads\/2019\/01\/philo-major-705x465.jpg);\"><img decoding=\"async\" src=\"https:\/\/www.theologyscienceflorida.com\/uccimer\/wp-content\/uploads\/2019\/01\/philo-major-705x465.jpg\" title=\"philo-major\" alt=\"\" \/><\/div><\/div><figcaption class='av-inner-masonry-content site-background'><div class='av-inner-masonry-content-pos'><div class='av-inner-masonry-content-pos-content'><div class='avia-arrow'><\/div><h3 class='av-masonry-entry-title entry-title'  itemprop=\"headline\" >Filosof\u00eda<\/h3><\/div><\/div><\/figcaption><\/figure><\/a><!--end av-masonry entry--><a href=\"https:\/\/www.theologyscienceflorida.com\/uccimer\/curso\/master-in-principled-education\/\" id='av-masonry-1-item-5580' data-av-masonry-item='5580' class='av-masonry-entry isotope-item post-5580 curso type-curso status-publish has-post-thumbnail hentry category-bacharelado-es  av-masonry-item-with-image' title=\"Educaci\u00f3n basada en principios\"  itemscope=\"itemscope\" itemtype=\"https:\/\/schema.org\/CreativeWork\" ><div class='av-inner-masonry-sizer'><\/div><figure class='av-inner-masonry main_color'><div class=\"av-masonry-outerimage-container\"><div class=\"av-masonry-image-container\" style=\"background-image: url(https:\/\/www.theologyscienceflorida.com\/uccimer\/wp-content\/uploads\/2018\/01\/apresentacao_tcc.jpg);\"><img decoding=\"async\" src=\"https:\/\/www.theologyscienceflorida.com\/uccimer\/wp-content\/uploads\/2018\/01\/apresentacao_tcc.jpg\" title=\"apresentacao_tcc\" alt=\"\" \/><\/div><\/div><figcaption class='av-inner-masonry-content site-background'><div class='av-inner-masonry-content-pos'><div class='av-inner-masonry-content-pos-content'><div class='avia-arrow'><\/div><h3 class='av-masonry-entry-title entry-title'  itemprop=\"headline\" >Educaci\u00f3n basada en principios<\/h3><\/div><\/div><\/figcaption><\/figure><\/a><!--end av-masonry entry--><a href=\"https:\/\/www.theologyscienceflorida.com\/uccimer\/curso\/licenciatura-en-educacion-artistica\/\" id='av-masonry-1-item-7140' data-av-masonry-item='7140' class='av-masonry-entry isotope-item post-7140 curso type-curso status-publish has-post-thumbnail hentry category-bacharelado-es category-cursos-home-es  av-masonry-item-with-image' title=\"Educaci\u00f3n Art\u00edstica\"  itemscope=\"itemscope\" itemtype=\"https:\/\/schema.org\/CreativeWork\" ><div class='av-inner-masonry-sizer'><\/div><figure class='av-inner-masonry main_color'><div class=\"av-masonry-outerimage-container\"><div class=\"av-masonry-image-container\" style=\"background-image: url(https:\/\/www.theologyscienceflorida.com\/uccimer\/wp-content\/uploads\/2019\/01\/arts494308980-705x529.jpg);\"><img decoding=\"async\" src=\"https:\/\/www.theologyscienceflorida.com\/uccimer\/wp-content\/uploads\/2019\/01\/arts494308980-705x529.jpg\" title=\"vector illustration of colourful brain\" alt=\"\" \/><\/div><\/div><figcaption class='av-inner-masonry-content site-background'><div class='av-inner-masonry-content-pos'><div class='av-inner-masonry-content-pos-content'><div class='avia-arrow'><\/div><h3 class='av-masonry-entry-title entry-title'  itemprop=\"headline\" >Educaci\u00f3n Art\u00edstica<\/h3><\/div><\/div><\/figcaption><\/figure><\/a><!--end av-masonry entry--><a href=\"https:\/\/www.theologyscienceflorida.com\/uccimer\/curso\/post-doctoral-in-education\/\" id='av-masonry-1-item-5665' data-av-masonry-item='5665' class='av-masonry-entry isotope-item post-5665 curso type-curso status-publish has-post-thumbnail hentry category-bacharelado-es  av-masonry-item-with-image' title=\"Curso en educacion\"  itemscope=\"itemscope\" itemtype=\"https:\/\/schema.org\/CreativeWork\" ><div class='av-inner-masonry-sizer'><\/div><figure class='av-inner-masonry main_color'><div class=\"av-masonry-outerimage-container\"><div class=\"av-masonry-image-container\" style=\"background-image: url(https:\/\/www.theologyscienceflorida.com\/uccimer\/wp-content\/uploads\/2018\/01\/apresentacao_tcc.jpg);\"><img decoding=\"async\" src=\"https:\/\/www.theologyscienceflorida.com\/uccimer\/wp-content\/uploads\/2018\/01\/apresentacao_tcc.jpg\" title=\"apresentacao_tcc\" alt=\"\" \/><\/div><\/div><figcaption class='av-inner-masonry-content site-background'><div class='av-inner-masonry-content-pos'><div class='av-inner-masonry-content-pos-content'><div class='avia-arrow'><\/div><h3 class='av-masonry-entry-title entry-title'  itemprop=\"headline\" >Curso en educacion<\/h3><\/div><\/div><\/figcaption><\/figure><\/a><!--end av-masonry entry--><a href=\"https:\/\/www.theologyscienceflorida.com\/uccimer\/curso\/tecnologo-in-counsing-with-focus-in-marriage-in-family-life\/\" id='av-masonry-1-item-5645' data-av-masonry-item='5645' class='av-masonry-entry isotope-item post-5645 curso type-curso status-publish has-post-thumbnail hentry category-bacharelado-es  av-masonry-item-with-image' title=\"Contando con enfoque en el matrimonio en la vida familiar\"  itemscope=\"itemscope\" itemtype=\"https:\/\/schema.org\/CreativeWork\" ><div class='av-inner-masonry-sizer'><\/div><figure class='av-inner-masonry main_color'><div class=\"av-masonry-outerimage-container\"><div class=\"av-masonry-image-container\" style=\"background-image: url(https:\/\/www.theologyscienceflorida.com\/uccimer\/wp-content\/uploads\/2017\/06\/10.gif);\"><img decoding=\"async\" src=\"https:\/\/www.theologyscienceflorida.com\/uccimer\/wp-content\/uploads\/2017\/06\/10.gif\" title=\"10\" alt=\"\" \/><\/div><\/div><figcaption class='av-inner-masonry-content site-background'><div class='av-inner-masonry-content-pos'><div class='av-inner-masonry-content-pos-content'><div class='avia-arrow'><\/div><h3 class='av-masonry-entry-title entry-title'  itemprop=\"headline\" >Contando con enfoque en el matrimonio en la vida familiar<\/h3><\/div><\/div><\/figcaption><\/figure><\/a><!--end av-masonry entry--><a href=\"https:\/\/www.theologyscienceflorida.com\/uccimer\/curso\/doctor-degree-in-clinical-acounseling\/\" id='av-masonry-1-item-5571' data-av-masonry-item='5571' class='av-masonry-entry isotope-item post-5571 curso type-curso status-publish has-post-thumbnail hentry category-bacharelado-es  av-masonry-item-with-image' title=\"Consejer\u00eda Cl\u00ednica\"  itemscope=\"itemscope\" itemtype=\"https:\/\/schema.org\/CreativeWork\" ><div class='av-inner-masonry-sizer'><\/div><figure class='av-inner-masonry main_color'><div class=\"av-masonry-outerimage-container\"><div class=\"av-masonry-image-container\" style=\"background-image: url(https:\/\/www.theologyscienceflorida.com\/uccimer\/wp-content\/uploads\/2018\/02\/6-competencias-que-voce-desenvolve-ao-longo-da-graduacao-em-psicologia.jpg);\"><img decoding=\"async\" src=\"https:\/\/www.theologyscienceflorida.com\/uccimer\/wp-content\/uploads\/2018\/02\/6-competencias-que-voce-desenvolve-ao-longo-da-graduacao-em-psicologia.jpg\" title=\"6-competencias-que-voce-desenvolve-ao-longo-da-graduacao-em-psicologia\" alt=\"\" \/><\/div><\/div><figcaption class='av-inner-masonry-content site-background'><div class='av-inner-masonry-content-pos'><div class='av-inner-masonry-content-pos-content'><div class='avia-arrow'><\/div><h3 class='av-masonry-entry-title entry-title'  itemprop=\"headline\" >Consejer\u00eda Cl\u00ednica<\/h3><\/div><\/div><\/figcaption><\/figure><\/a><!--end av-masonry entry--><a href=\"https:\/\/www.theologyscienceflorida.com\/uccimer\/curso\/bachelor-in-coaching\/\" id='av-masonry-1-item-5630' data-av-masonry-item='5630' class='av-masonry-entry isotope-item post-5630 curso type-curso status-publish has-post-thumbnail hentry category-bacharelado-es category-cursos-home-es  av-masonry-item-with-image' title=\"Coaching\"  itemscope=\"itemscope\" itemtype=\"https:\/\/schema.org\/CreativeWork\" ><div class='av-inner-masonry-sizer'><\/div><figure class='av-inner-masonry main_color'><div class=\"av-masonry-outerimage-container\"><div class=\"av-masonry-image-container\" style=\"background-image: url(https:\/\/www.theologyscienceflorida.com\/uccimer\/wp-content\/uploads\/2018\/01\/coaching.jpg);\"><img decoding=\"async\" src=\"https:\/\/www.theologyscienceflorida.com\/uccimer\/wp-content\/uploads\/2018\/01\/coaching.jpg\" title=\"coaching\" alt=\"\" \/><\/div><\/div><figcaption class='av-inner-masonry-content site-background'><div class='av-inner-masonry-content-pos'><div class='av-inner-masonry-content-pos-content'><div class='avia-arrow'><\/div><h3 class='av-masonry-entry-title entry-title'  itemprop=\"headline\" >Coaching<\/h3><\/div><\/div><\/figcaption><\/figure><\/a><!--end av-masonry entry--><a href=\"https:\/\/www.theologyscienceflorida.com\/uccimer\/curso\/master-in-clinical-counseling\/\" id='av-masonry-1-item-5620' data-av-masonry-item='5620' class='av-masonry-entry isotope-item post-5620 curso type-curso status-publish has-post-thumbnail hentry category-bacharelado-es  av-masonry-item-with-image' title=\"Asesoramiento cl\u00ednico\"  itemscope=\"itemscope\" itemtype=\"https:\/\/schema.org\/CreativeWork\" ><div class='av-inner-masonry-sizer'><\/div><figure class='av-inner-masonry main_color'><div class=\"av-masonry-outerimage-container\"><div class=\"av-masonry-image-container\" style=\"background-image: url(https:\/\/www.theologyscienceflorida.com\/uccimer\/wp-content\/uploads\/2018\/02\/6-competencias-que-voce-desenvolve-ao-longo-da-graduacao-em-psicologia.jpg);\"><img decoding=\"async\" src=\"https:\/\/www.theologyscienceflorida.com\/uccimer\/wp-content\/uploads\/2018\/02\/6-competencias-que-voce-desenvolve-ao-longo-da-graduacao-em-psicologia.jpg\" title=\"6-competencias-que-voce-desenvolve-ao-longo-da-graduacao-em-psicologia\" alt=\"\" \/><\/div><\/div><figcaption class='av-inner-masonry-content site-background'><div class='av-inner-masonry-content-pos'><div class='av-inner-masonry-content-pos-content'><div class='avia-arrow'><\/div><h3 class='av-masonry-entry-title entry-title'  itemprop=\"headline\" >Asesoramiento cl\u00ednico<\/h3><\/div><\/div><\/figcaption><\/figure><\/a><!--end av-masonry entry--><a href=\"https:\/\/www.theologyscienceflorida.com\/uccimer\/curso\/tecnologo-in-counseling\/\" id='av-masonry-1-item-5646' data-av-masonry-item='5646' class='av-masonry-entry isotope-item post-5646 curso type-curso status-publish has-post-thumbnail hentry category-bacharelado-es category-cursos-home-es  av-masonry-item-with-image' title=\"Asesoramiento\"  itemscope=\"itemscope\" itemtype=\"https:\/\/schema.org\/CreativeWork\" ><div class='av-inner-masonry-sizer'><\/div><figure class='av-inner-masonry main_color'><div class=\"av-masonry-outerimage-container\"><div class=\"av-masonry-image-container\" style=\"background-image: url(https:\/\/www.theologyscienceflorida.com\/uccimer\/wp-content\/uploads\/2017\/06\/maos-dadas-amor-novamente.gif);\"><img decoding=\"async\" src=\"https:\/\/www.theologyscienceflorida.com\/uccimer\/wp-content\/uploads\/2017\/06\/maos-dadas-amor-novamente.gif\" title=\"maos-dadas-amor-novamente\" alt=\"\" \/><\/div><\/div><figcaption class='av-inner-masonry-content site-background'><div class='av-inner-masonry-content-pos'><div class='av-inner-masonry-content-pos-content'><div class='avia-arrow'><\/div><h3 class='av-masonry-entry-title entry-title'  itemprop=\"headline\" >Asesoramiento<\/h3><\/div><\/div><\/figcaption><\/figure><\/a><!--end av-masonry entry--><a href=\"https:\/\/www.theologyscienceflorida.com\/uccimer\/curso\/bachelor-in-business-administration\/\" id='av-masonry-1-item-5628' data-av-masonry-item='5628' class='av-masonry-entry isotope-item post-5628 curso type-curso status-publish has-post-thumbnail hentry category-bacharelado-es  av-masonry-item-with-image' title=\"Administracion de Negocios\"  itemscope=\"itemscope\" itemtype=\"https:\/\/schema.org\/CreativeWork\" ><div class='av-inner-masonry-sizer'><\/div><figure class='av-inner-masonry main_color'><div class=\"av-masonry-outerimage-container\"><div class=\"av-masonry-image-container\" style=\"background-image: url(https:\/\/www.theologyscienceflorida.com\/uccimer\/wp-content\/uploads\/2018\/01\/img113.gif);\"><img decoding=\"async\" src=\"https:\/\/www.theologyscienceflorida.com\/uccimer\/wp-content\/uploads\/2018\/01\/img113.gif\" title=\"img113\" alt=\"\" \/><\/div><\/div><figcaption class='av-inner-masonry-content site-background'><div class='av-inner-masonry-content-pos'><div class='av-inner-masonry-content-pos-content'><div class='avia-arrow'><\/div><h3 class='av-masonry-entry-title entry-title'  itemprop=\"headline\" >Administracion de Negocios<\/h3><\/div><\/div><\/figcaption><\/figure><\/a><!--end av-masonry entry--><a href=\"https:\/\/www.theologyscienceflorida.com\/uccimer\/curso\/master-in-business-administration-in-health-care-services\/\" id='av-masonry-1-item-5586' data-av-masonry-item='5586' class='av-masonry-entry isotope-item post-5586 curso type-curso status-publish has-post-thumbnail hentry category-bacharelado-es  av-masonry-item-with-image' title=\"Administraci\u00f3n de Empresas en Servicios de Salud\"  itemscope=\"itemscope\" itemtype=\"https:\/\/schema.org\/CreativeWork\" ><div class='av-inner-masonry-sizer'><\/div><figure class='av-inner-masonry main_color'><div class=\"av-masonry-outerimage-container\"><div class=\"av-masonry-image-container\" style=\"background-image: url(https:\/\/www.theologyscienceflorida.com\/uccimer\/wp-content\/uploads\/2018\/01\/img113.gif);\"><img decoding=\"async\" src=\"https:\/\/www.theologyscienceflorida.com\/uccimer\/wp-content\/uploads\/2018\/01\/img113.gif\" title=\"img113\" alt=\"\" \/><\/div><\/div><figcaption class='av-inner-masonry-content site-background'><div class='av-inner-masonry-content-pos'><div class='av-inner-masonry-content-pos-content'><div class='avia-arrow'><\/div><h3 class='av-masonry-entry-title entry-title'  itemprop=\"headline\" >Administraci\u00f3n de Empresas en Servicios de Salud<\/h3><\/div><\/div><\/figcaption><\/figure><\/a><!--end av-masonry entry--><a href=\"https:\/\/www.theologyscienceflorida.com\/uccimer\/curso\/master-in-business-administration-in-neuromarketing\/\" id='av-masonry-1-item-5589' data-av-masonry-item='5589' class='av-masonry-entry isotope-item post-5589 curso type-curso status-publish has-post-thumbnail hentry category-bacharelado-es  av-masonry-item-with-image' title=\"Administraci\u00f3n de Empresas en NeuroMarketing\"  itemscope=\"itemscope\" itemtype=\"https:\/\/schema.org\/CreativeWork\" ><div class='av-inner-masonry-sizer'><\/div><figure class='av-inner-masonry main_color'><div class=\"av-masonry-outerimage-container\"><div class=\"av-masonry-image-container\" style=\"background-image: url(https:\/\/www.theologyscienceflorida.com\/uccimer\/wp-content\/uploads\/2018\/01\/img113.gif);\"><img decoding=\"async\" src=\"https:\/\/www.theologyscienceflorida.com\/uccimer\/wp-content\/uploads\/2018\/01\/img113.gif\" title=\"img113\" alt=\"\" \/><\/div><\/div><figcaption class='av-inner-masonry-content site-background'><div class='av-inner-masonry-content-pos'><div class='av-inner-masonry-content-pos-content'><div class='avia-arrow'><\/div><h3 class='av-masonry-entry-title entry-title'  itemprop=\"headline\" >Administraci\u00f3n de Empresas en NeuroMarketing<\/h3><\/div><\/div><\/figcaption><\/figure><\/a><!--end av-masonry entry--><\/div><\/div><\/div><\/p>\n","protected":false},"excerpt":{"rendered":"","protected":false},"author":1,"featured_media":0,"parent":0,"menu_order":0,"comment_status":"closed","ping_status":"closed","template":"","meta":{"content-type":"","footnotes":""},"class_list":["post-5402","page","type-page","status-publish","hentry"],"_links":{"self":[{"href":"https:\/\/www.theologyscienceflorida.com\/uccimer\/wp-json\/wp\/v2\/pages\/5402","targetHints":{"allow":["GET"]}}],"collection":[{"href":"https:\/\/www.theologyscienceflorida.com\/uccimer\/wp-json\/wp\/v2\/pages"}],"about":[{"href":"https:\/\/www.theologyscienceflorida.com\/uccimer\/wp-json\/wp\/v2\/types\/page"}],"author":[{"embeddable":true,"href":"https:\/\/www.theologyscienceflorida.com\/uccimer\/wp-json\/wp\/v2\/users\/1"}],"replies":[{"embeddable":true,"href":"https:\/\/www.theologyscienceflorida.com\/uccimer\/wp-json\/wp\/v2\/comments?post=5402"}],"version-history":[{"count":10,"href":"https:\/\/www.theologyscienceflorida.com\/uccimer\/wp-json\/wp\/v2\/pages\/5402\/revisions"}],"predecessor-version":[{"id":8024,"href":"https:\/\/www.theologyscienceflorida.com\/uccimer\/wp-json\/wp\/v2\/pages\/5402\/revisions\/8024"}],"wp:attachment":[{"href":"https:\/\/www.theologyscienceflorida.com\/uccimer\/wp-json\/wp\/v2\/media?parent=5402"}],"curies":[{"name":"wp","href":"https:\/\/api.w.org\/{rel}","templated":true}]}}