{"id":5387,"date":"2018-02-06T01:09:40","date_gmt":"2018-02-06T03:09:40","guid":{"rendered":"https:\/\/www.theologyscienceflorida.com\/uccimer\/?page_id=5387"},"modified":"2018-02-09T14:34:02","modified_gmt":"2018-02-09T16:34:02","slug":"calendario-academico","status":"publish","type":"page","link":"https:\/\/www.theologyscienceflorida.com\/uccimer\/calendario-academico\/","title":{"rendered":"Calendario Acad\u00e9mico"},"content":{"rendered":"<div class=\"flex_column av_one_full  flex_column_div av-zero-column-padding first  \" style='border-radius:0px; '><section class=\"av_textblock_section\"  itemscope=\"itemscope\" itemtype=\"https:\/\/schema.org\/CreativeWork\" ><div class='avia_textblock '   itemprop=\"text\" ><h1><strong>CALENDARIO ACAD\u00c9MICO<\/strong><\/h1>\n<\/div><\/section><\/div>\n<div class=\"flex_column av_one_full  flex_column_div av-zero-column-padding first  \" style='border-radius:0px; '><section class=\"av_textblock_section\"  itemscope=\"itemscope\" itemtype=\"https:\/\/schema.org\/CreativeWork\" ><div class='avia_textblock '   itemprop=\"text\" ><h3><\/h3>\n<h1><strong>Invierno 2018<\/strong><\/h1>\n<ul class=\"degrees_list\">\n<li>Comienzo del invierno &#8211; 2a semana de Enero<\/li>\n<li>Simposio acad\u00e9mico, BR &#8211; 28 al 30 de Marzo<\/li>\n<\/ul>\n<h1><strong>Verano 2018<\/strong><\/h1>\n<ul class=\"degrees_list\">\n<li>Comienzo del verano &#8211; 2 de Mayo<\/li>\n<li>Simposio acad\u00e9mico en San Jos\u00e9 del R\u00edo Negro &#8211; SP, Brasil &#8211; 25 de Mayo<\/li>\n<li>Cerrado para Memorial Day &#8211; 28 de Mayo<\/li>\n<li>Cerrado para Independence Day &#8211; 4 de Julio<\/li>\n<li>Simposio acad\u00e9mico en Londrina &#8211; PR, Brasil &#8211; 6 de Julio<\/li>\n<\/ul>\n<h1><strong>Oto\u00f1o 2018<\/strong><\/h1>\n<ul class=\"degrees_list\">\n<li>Comienzo del oto\u00f1o &#8211; 22 de Agosto<\/li>\n<li>Cerrado para Labor Day &#8211; 3 de Septiembre<\/li>\n<li>Las matr\u00edculas para el programa de NeuroMarketing se abren en Octubre<\/li>\n<li>Cerrado para el D\u00eda de Acci\u00f3n de Gracias &#8211; 22 de Noviembre<\/li>\n<li>Cerrado el d\u00eda despu\u00e9s de thanksgiving &#8211; 23 de Noviembre<\/li>\n<li>Defensa de Thesis &#8211; 1 al 4 de Diciembre<\/li>\n<li>Simposio acad\u00e9mico en Miami, FL &#8211; 1 a 4 de Diciembre<\/li>\n<li>Ceremonia de graduaci\u00f3n &#8211; 5 de Diciembre<\/li>\n<\/ul>\n<h3 style=\"text-align: center;\"><strong>Las matr\u00edculas de todos los programas est\u00e1n abiertas durante\u00a0<\/strong><strong>todo el a\u00f1o.<\/strong><\/h3>\n<\/div><\/section><\/div>\n","protected":false},"excerpt":{"rendered":"","protected":false},"author":1,"featured_media":0,"parent":0,"menu_order":0,"comment_status":"closed","ping_status":"closed","template":"","meta":{"content-type":"","footnotes":""},"class_list":["post-5387","page","type-page","status-publish","hentry"],"_links":{"self":[{"href":"https:\/\/www.theologyscienceflorida.com\/uccimer\/wp-json\/wp\/v2\/pages\/5387","targetHints":{"allow":["GET"]}}],"collection":[{"href":"https:\/\/www.theologyscienceflorida.com\/uccimer\/wp-json\/wp\/v2\/pages"}],"about":[{"href":"https:\/\/www.theologyscienceflorida.com\/uccimer\/wp-json\/wp\/v2\/types\/page"}],"author":[{"embeddable":true,"href":"https:\/\/www.theologyscienceflorida.com\/uccimer\/wp-json\/wp\/v2\/users\/1"}],"replies":[{"embeddable":true,"href":"https:\/\/www.theologyscienceflorida.com\/uccimer\/wp-json\/wp\/v2\/comments?post=5387"}],"version-history":[{"count":6,"href":"https:\/\/www.theologyscienceflorida.com\/uccimer\/wp-json\/wp\/v2\/pages\/5387\/revisions"}],"predecessor-version":[{"id":6575,"href":"https:\/\/www.theologyscienceflorida.com\/uccimer\/wp-json\/wp\/v2\/pages\/5387\/revisions\/6575"}],"wp:attachment":[{"href":"https:\/\/www.theologyscienceflorida.com\/uccimer\/wp-json\/wp\/v2\/media?parent=5387"}],"curies":[{"name":"wp","href":"https:\/\/api.w.org\/{rel}","templated":true}]}}

Calendario Académico

<div class="flex_column av_one_full  flex_column_div av-zero-column-padding first  " style='border-radius:0px; '><section class="av_textblock_section"  itemscope="itemscope" itemtype="https://schema.org/CreativeWork" ><div class='avia_textblock '   itemprop="text" ><h1><strong>CALENDARIO ACADÉMICO</strong></h1>
</div></section></div>
<div class="flex_column av_one_full  flex_column_div av-zero-column-padding first  " style='border-radius:0px; '><section class="av_textblock_section"  itemscope="itemscope" itemtype="https://schema.org/CreativeWork" ><div class='avia_textblock '   itemprop="text" ><h3></h3>
<h1><strong>Invierno 2018</strong></h1>
<ul class="degrees_list">
<li>Comienzo del invierno &#8211; 2a semana de Enero</li>
<li>Simposio académico, BR &#8211; 28 al 30 de Marzo</li>
</ul>
<h1><strong>Verano 2018</strong></h1>
<ul class="degrees_list">
<li>Comienzo del verano &#8211; 2 de Mayo</li>
<li>Simposio académico en San José del Río Negro &#8211; SP, Brasil &#8211; 25 de Mayo</li>
<li>Cerrado para Memorial Day &#8211; 28 de Mayo</li>
<li>Cerrado para Independence Day &#8211; 4 de Julio</li>
<li>Simposio académico en Londrina &#8211; PR, Brasil &#8211; 6 de Julio</li>
</ul>
<h1><strong>Otoño 2018</strong></h1>
<ul class="degrees_list">
<li>Comienzo del otoño &#8211; 22 de Agosto</li>
<li>Cerrado para Labor Day &#8211; 3 de Septiembre</li>
<li>Las matrículas para el programa de NeuroMarketing se abren en Octubre</li>
<li>Cerrado para el Día de Acción de Gracias &#8211; 22 de Noviembre</li>
<li>Cerrado el día después de thanksgiving &#8211; 23 de Noviembre</li>
<li>Defensa de Thesis &#8211; 1 al 4 de Diciembre</li>
<li>Simposio académico en Miami, FL &#8211; 1 a 4 de Diciembre</li>
<li>Ceremonia de graduación &#8211; 5 de Diciembre</li>
</ul>
<h3 style="text-align: center;"><strong>Las matrículas de todos los programas están abiertas durante </strong><strong>todo el año.</strong></h3>
</div></section></div>
